e c(7).
-4
Let s(r) = -5*r + 178. Calculate s(37).
-7
Let d(u) = -20*u**3 + 2*u**2 - 1. Calculate d(-2).
167
Let c(p) = 3*p + 54. Give c(-17).
3
Let c(n) = -2*n**2 - 2*n - 2. Calculate c(-1).
-2
Let w(o) = o**2 - 3*o - 2. Give w(-2).
8
Let s(z) = -14*z**3 + z**2 - 2. Calculate s(-1).
13
Let l(o) = -o - 17. What is l(-15)?
-2
Let b(v) = -v + 4. What is b(-4)?
8
Let o(h) = h**3 + 10*h**2 + 4*h - 24. Give o(-10).
-64
Let s(h) = -19*h - 33. Determine s(-2).
5
Let i(m) = 7*m - 86. What is i(12)?
-2
Let l(n) = -2*n**2 - 7*n - 8. What is l(-2)?
-2
Let l(y) = y**3 + 24*y**2 - 25*y - 3. Give l(-25).
-3
Let r(y) = -2*y - 1. Calculate r(-2).
3
Let w(m) = -m**2 + 10*m - 50. Calculate w(15).
-125
Let b(d) = 7*d**2 - 95*d - 37. Determine b(14).
5
Let o(k) = -3*k**2 - 43*k + 22. Give o(-14).
36
Let g(x) = -22*x. What is g(-1)?
22
Let z(p) = p**3 + 11*p**2 + 10*p + 9. Determine z(-10).
9
Let l(q) = q**3 + 5*q**2 - 6*q + 4. Calculate l(-6).
4
Let a(t) = -27*t + 2. Determine a(3).
-79
Let i(u) = 14*u**3 + u**2 + 5*u + 4. Give i(-1).
-14
Let i(b) = -5*b**3 - b**2 + 10*b - 9. Calculate i(1).
-5
Let j(o) = o**3 - 20*o**2 + 19*o - 17. Give j(19).
-17
Let t(a) = -a**2 + 7*a - 4. Calculate t(8).
-12
Let v(p) = 2*p - 18. Give v(10).
2
Let u(g) = -2*g**2 - 10*g + 9. Determine u(-5).
9
Let v(w) = -2*w**3 + 11*w**2 - 8*w + 14. Give v(5).
-1
Let u(v) = -2*v**2 + 12*v + 3. What is u(8)?
-29
Let q(a) = 2*a**2 - 2. Give q(-4).
30
Let u(y) = -38*y + 42. Determine u(1).
4
Let v(a) = -70*a - 5. Determine v(-2).
135
Let v(o) = -o**2 - 15*o - 36. Determine v(-11).
8
Let k(f) = f**3 - 5*f**2 + 5*f - 16. Determine k(5).
9
Let y(z) = z**2 - 36*z + 53. Determine y(28).
-171
Let n(c) = -11*c**2 + 13*c - 14. Give n(1).
-12
Let k(m) = -m**3 + m**2 + 2*m + 80. Give k(0).
80
Let y(j) = -5*j + 28. Calculate y(4).
8
Let b(p) = 2*p**2 + 16*p + 3. Calculate b(-10).
43
Let s(x) = 24*x + 5. What is s(1)?
29
Let f(x) = -x**2 - 2*x + 5. What is f(-5)?
-10
Let w(c) = -c**3 - 5*c**2 + 13*c. Give w(-6).
-42
Let a(f) = f**2 + 5*f - 38. Calculate a(-11).
28
Let h(d) = -2*d - 6. Calculate h(-5).
4
Let a(n) = n**2 + 7*n - 6. Determine a(6).
72
Let c(o) = -7*o**2 + 170*o - 30. Give c(24).
18
Let b(v) = -3*v**2 + 11*v + 9. Calculate b(4).
5
Let p(f) = f + 4. Calculate p(-7).
-3
Let i(k) = -k**3 - 13*k**2 - 43*k - 9. Determine i(-7).
-2
Let q(w) = w**3 - 8*w**2 + w + 2. Give q(3).
-40
Let a(o) = 39*o - 1. Determine a(1).
38
Let b(i) = i - 28. What is b(16)?
-12
Let w(g) = -g**3 - 19*g**2 - 6*g + 7. Calculate w(-18).
-209
Let w(c) = 2*c**2 - 17*c + 25. Determine w(7).
4
Let p(i) = -7*i**2 + i - 2. Give p(2).
-28
Let u(k) = -2*k**3 - 39*k**2 + 20*k + 1. Determine u(-20).
1
Let j(z) = -4*z + 74. Give j(18).
2
Let s(t) = -3*t**2 + t + 2. What is s(4)?
-42
Let b(t) = -t**3 - 5*t**2 - 6*t - 6. Calculate b(-4).
2
Let k(r) = -r**2 + 9*r + 20. Calculate k(-3).
-16
Let v(f) = f**3 - 7*f**2 + 8*f - 2. What is v(6)?
10
Let n(v) = -9*v - 135. Give n(-16).
9
Let f(j) = -2*j**3 + 4*j**2 - 11. What is f(4)?
-75
Let a(j) = j**2 + 12*j - 10. What is a(-12)?
-10
Let i(j) = 11*j + 209. What is i(-18)?
11
Let v(f) = f - 3. Determine v(-9).
-12
Let l(t) = -t**2 - 6*t + 2. What is l(-12)?
-70
Let o(d) = d**3 + 7*d**2 + 7*d + 2. Give o(-6).
-4
Let v(l) = -l**3 + 31*l**2 - 29*l - 43. Calculate v(30).
-13
Let w(g) = -5*g + 14. Calculate w(7).
-21
Let l(c) = -49*c. What is l(1)?
-49
Let g(x) = x**3 - 6*x**2 + 6. Give g(5).
-19
Let f(d) = d**2 + 5*d + 42. Determine f(-8).
66
Let u(r) = r**2 + r - 3. What is u(-3)?
3
Let q(a) = -a**3 - 8*a**2 - 7*a - 5. Determine q(-7).
-5
Let v(i) = -i**2 - 15*i + 48. Give v(-21).
-78
Let r(d) = d**2 + 3*d - 22. Calculate r(-9).
32
Let h(v) = -v**2 + 4*v + 12. What is h(4)?
12
Let i(b) = 6*b - 4. What is i(-2)?
-16
Let x(o) = o**3 - 4*o**2 + 2*o + 1. Determine x(2).
-3
Let w(b) = -19*b**3 - 3*b**2 + b + 1. Give w(1).
-20
Let r(b) = -b**3 - 8*b**2 + 10*b - 6. What is r(-9)?
-15
Let l(y) = -2*y + 5. Calculate l(-7).
19
Let u(c) = 6*c - 51. Calculate u(8).
-3
Let p(g) = g**3 + g**2 + g - 6. What is p(2)?
8
Let m(q) = -q + 4. Calculate m(4).
0
Let n(r) = -r**3 - 3*r**2 + 11*r + 1. Calculate n(-5).
-4
Let f(v) = 3*v - 81. Give f(29).
6
Let x(w) = -w**3 - 4*w**2 + 11*w - 8. Determine x(-6).
-2
Let w(b) = -b**2 - 6*b + 27. Calculate w(-10).
-13
Let r(y) = 104*y + 204. What is r(-2)?
-4
Let n(p) = 5*p**2 - 2*p - 5. Calculate n(-3).
46
Let q(f) = -f**3 - 2*f**2 + f - 5. Calculate q(-3).
1
Let d(k) = -53*k**3 + k**2 - 3*k + 2. Determine d(1).
-53
Let y(v) = 5*v + 27. What is y(-3)?
12
Let o(r) = r - 20. What is o(12)?
-8
Let d(n) = -n**3 - 12*n**2 - 40*n - 304. Calculate d(-11).
15
Let b(z) = z**2 - 8*z - 25. Determine b(11).
8
Let r(z) = -z**2 - 7*z - 18. What is r(-5)?
-8
Let d(m) = 22*m + 1. What is d(1)?
23
Let x(l) = l**2 + 5*l + 7. Calculate x(-5).
7
Let z(s) = -2*s**2 - 18*s - 91. Give z(-9).
-91
Let o(c) = -3*c + 38. Give o(9).
11
Let u(k) = -k**2 + 19*k + 33. Determine u(20).
13
Let q(k) = k**2 - 35*k - 119. Give q(38).
-5
Let i(r) = -3*r**3 + 3*r - 1. Calculate i(-3).
71
Let i(q) = -q**2 - 12*q - 12. What is i(-9)?
15
Let c(s) = -29*s - 126. Determine c(-4).
-10
Let s(m) = m**2 + 14*m + 9. What is s(-6)?
-39
Let o(q) = 3*q + 2. Determine o(-8).
-22
Let g(r) = -r**3 - 5*r**2 - r - 27. What is g(-6)?
15
Let y(u) = 3*u + 48. Determine y(22).
114
Let v(d) = -d**3 - 19*d**2 + 3*d + 52. Calculate v(-19).
-5
Let o(n) = -n + 13. Calculate o(-3).
16
Let q(m) = m**3 - 12*m**2 + 6*m + 6. Give q(7).
-197
Let j(g) = g**3 - 4*g**2 - 11*g + 1. Give j(6).
7
Let l(m) = -2*m**2 - 4*m - 6. What is l(-3)?
-12
Let x(a) = 4*a**2 + 3*a. Give x(-1).
1
Let u(d) = -d**3 - 10*d**2 - 10*d - 4. Give u(-9).
5
Let x(y) = 20*y - 25. What is x(5)?
75
Let p(g) = -g**3 - 4*g**2 + 2*g - 3. Give p(-4).
-11
Let z(n) = 2*n**2 - 33*n + 114. Determine z(11).
-7
Let r(s) = 35*s**3 + s - 1. Calculate r(1).
35
Let g(w) = w**3 + 2*w**2 + 5*w - 1. Calculate g(-4).
-53
Let j(a) = -a**3 - 7*a**2 - 5*a + 1. Determine j(-7).
36
Let f(j) = -21*j**3 + 1. Calculate f(-1).
22
Let d(s) = -2*s**2 - s + 52. Determine d(7).
-53
Let p(q) = q**3 + 12*q**2 + 21*q - 3. Calculate p(-10).
-13
Let y(x) = -x**2 + 6*x + 3. What is y(7)?
-4
Let a(s) = -s**2 + 8*s - 2. What is a(7)?
5
Let q(a) = -a**2 + a - 6. Determine q(7).
-48
Let r(z) = -2*z**2 - 7*z. Determine r(-5).
-15
Let z(n) = 31*n + 587. What is z(-19)?
-2
Let w(y) = y**3 - 11*y**2 + 6*y. What is w(11)?
66
Let t(c) = 5*c**2 - 33*c + 8. Determine t(6).
-10
Let t(i) = 17*i. What is t(-1)?
-17
Let i(c) = 6*c - 78. What is i(12)?
-6
Let w(t) = 3*t + 7. Calculate w(2).
13
Let w(f) = 2*f**2 + 5*f + 2. Give w(-7).
65
Let c(v) = v - 21. Give c(20).
-1
Let z(a) = -4*a - 3. What is z(3)?
-15
Let r(g) = -24*g + 834. Determine r(35).
-6
Let i(s) = -s**3 - 18*s**2 + 20*s + 28. What is i(-19)?
9
Let n(f) = f**3 - 17*f**2 - 17. Give n(17).
-17
Let z(o) = -o**3 - 26*o**2 - 50*o - 39. What is z(-24)?
9
Let m(h) = -4*h + 45. What is m(11)?
1
Let t(i) = i**3 + 8*i**2 - 12*i - 19. Give t(-9).
8
Let c(p) = 2*p**2 - 3*p - 3. What is c(3)?
6
Let f(i) = -8*i**2 + 7*i + 10. What is f(-2)?
-36
Let d(b) = 5*b + 2. Give d(-4).
-18
Let s(i) = -3*i**2 - 2*i - 4. What is s(-3)?
-25
Let l(n) = -2*n**2 - 24*n + 82. What is l(3)?
-8
Let w(a) = 4*a - 22. Determine w(0).
-22
Let z(f) = 4*f + 15. Determine z(-6).
-9
Let i(w) = -2*w**2 + w - 11. Determine i(-4).
-47
Let d(z) = -z**3 - 9*z**2 + 20*z - 26. Calculate d(-11).
-4
Let j(m) = m**3 + 9*m**2 + m + 12. Determine j(-9).
3
Let l(m) = -m + 3. Give l(-4).
7
Let f(a) = 16*a + 2. Calculate f(1).
18
Let a(u) = -u + 19. Determine a(11).
8
Let n(q) = q - 59. Give n(11).
-48
Let o(h) = -5*h - 13. What is o(-4)?
7
Let n(r) = -7*r + 130. Give n(19).
-3
Let t(r) = r**2 + 4*r + 3. What is t(-1)?
0
Let k(a) = -a**3 - 13*a**2 - 9*a - 25. Give k(-12).
-61
Let b(a) = a**2 - 2*a - 71. Determine b(11).
28
Let r(c) = -6*c**3 - c + 5. Determine r(-3).
170
Let p(k) = -36*k - 29. Determine p(-1).
7
Let c(p) = -6*p + 16. Determine c(4).
-8
Let y(r) = r**2 - r + 7. What is y(-5)?
37
Let i(r) = -r**3 + 30*r**2 - 33*r + 126. What is i(29)?
10
Let q(o) = -o**2 - 10*o - 18. What is q(-2)?
-2
Let t(k) = k - 5. Calculate t(-1).
-6
Let c(u) = -u**3 - 3*u**2 + 3*u - 8. Calculate c(-4).
-4
Let k(f) = f**3 - f**2 + f 